of 918840?
True
Is 116 a factor of 189878?
False
Is 413 a factor of 1516754?
False
Is 9 a factor of 828864?
True
Is 1102682 a multiple of 14?
True
Is 9 a factor of 355775?
False
Does 103 divide 901564?
False
Is 832424 a multiple of 20?
False
Is 3 a factor of 2013773?
False
Is 37 a factor of 11618?
True
Is 30 a factor of 73111?
False
Is 12 a factor of 6310025?
False
Is 31 a factor of 506481?
False
Does 10 divide 157987?
False
Is 248206 a multiple of 7?
True
Is 297418 a multiple of 21?
False
Is 443256 a multiple of 66?
True
Is 140 a factor of 377619?
False
Is 535 a factor of 534614?
False
Is 2283528 a multiple of 676?
True
Does 333 divide 10048275?
True
Is 1222150 a multiple of 50?
True
Does 20 divide 740420?
True
Does 178 divide 6061078?
True
Does 6 divide 12025?
False
Does 20 divide 679873?
False
Is 2008793 a multiple of 9?
False
Is 30 a factor of 1408?
False
Is 292847 a multiple of 19?
True
Does 139 divide 3933561?
True
Is 384 a factor of 3583051?
False
Is 40 a factor of 4426480?
True
Does 116 divide 2357120?
True
Is 3 a factor of 460344?
True
Is 5812260 a multiple of 15?
True
Is 3495660 a multiple of 60?
True
Is 3674248 a multiple of 148?
True
Does 99 divide 106821?
True
Is 244 a factor of 1797100?
False
Is 67 a factor of 417556?
False
Does 1400 divide 4867800?
True
Is 18 a factor of 742499?
False
Is 21 a factor of 488334?
True
Does 16 divide 254743?
False
Does 3 divide 6062505?
True
Does 264 divide 52445?
False
Is 351 a factor of 898551?
False
Is 31 a factor of 8416200?
False
Is 316693 a multiple of 66?
False
Is 245 a factor of 9937418?
False
Is 187 a factor of 7813982?
True
Does 6 divide 59844?
True
Does 19 divide 1788660?
True
Is 4 a factor of 166793?
False
Is 176 a factor of 5557200?
True
Is 54442 a multiple of 9?
False
Does 74 divide 1526592?
False
Does 174 divide 82410?
False
Is 412 a factor of 2894106?
False
Is 45 a factor of 1454436?
False
Is 109577 a multiple of 13?
True
Does 21 divide 113529?
False
Does 15 divide 621750?
True
Is 22 a factor of 610971?
False
Is 19 a factor of 6954?
True
Is 7 a factor of 534122?
False
Is 5223303 a multiple of 203?
False
Is 14 a factor of 14734265?
False
Does 1910 divide 13016650?
True
Is 640773 a multiple of 44?
False
Is 532231 a multiple of 76?
False
Is 1969926 a multiple of 102?
True
Is 2 a factor of 757174?
True
Is 149 a factor of 45975?
False
Does 167 divide 565188?
False
Does 127 divide 669182?
False
Is 1313485 a multiple of 16?
False
Is 5 a factor of 507970?
True
Does 119 divide 166481?
True
Is 165 a factor of 122100?
True
Is 60 a factor of 445032?
False
Is 136230 a multiple of 15?
True
Is 4155393 a multiple of 7?
False
Is 17946 a multiple of 147?
False
Is 13 a factor of 12470159?
True
Does 449 divide 746687?
True
Is 395439 a multiple of 11?
True
Is 460 a factor of 259440?
True
Is 13 a factor of 52429?
True
Is 60225 a multiple of 15?
True
Does 49 divide 338987?
False
Does 32 divide 259515?
False
Does 456 divide 972417?
False
Does 207 divide 796329?
True
Is 1126621 a multiple of 24?
False
Does 148 divide 664668?
True
Does 479 divide 1229176?
False
Is 6410850 a multiple of 1185?
True
Is 243 a factor of 9477?
True
Is 10470306 a multiple of 784?
False
Is 1587690 a multiple of 414?
True
Is 25 a factor of 279188?
False
Is 3425367 a multiple of 253?
True
Does 159 divide 2049?
False
Is 1088667 a multiple of 183?
True
Does 3 divide 218662?
False
Is 7 a factor of 25022?
False
Is 2060434 a multiple of 62?
False
Is 5151294 a multiple of 846?
True
Is 281 a factor of 132284?
False
Does 70 divide 875280?
True
Is 3988284 a multiple of 12?
True
Is 524 a factor of 244616?
False
Is 4 a factor of 345078?
False
Does 20 divide 1253840?
True
Does 1287 divide 3041225?
False
Is 32 a factor of 1304704?
True
Does 256 divide 377354?
False
Is 17 a factor of 13322778?
False
Is 10 a factor of 948985?
False
Is 101169 a multiple of 3?
True
Is 26 a factor of 1119300?
True
Is 3 a factor of 108786?
True
Is 2298160 a multiple of 45?
False
Is 30 a factor of 9262530?
True
Does 5 divide 926454?
False
Is 466587 a multiple of 60?
False
Does 78 divide 577902?
True
Does 35 divide 613235?
True
Does 24 divide 599880?
True
Does 182 divide 690508?
True
Does 217 divide 570723?
False
Does 60 divide 21155940?
True
Is 74 a factor of 5014983?
False
Is 30 a factor of 64410?
True
Does 8 divide 64554?
False
Is 648008 a multiple of 8?
True
Is 4497389 even?
False
Is 16 a factor of 682976?
True
Is 74 a factor of 49585?
False
Is 96 a factor of 4382880?
True
Does 2457 divide 11304657?
True
Is 10 a factor of 1001480?
True
Is 57 a factor of 15713473?
False
Does 166 divide 105957?
False
Is 8 a factor of 188209?
False
Is 67865 a multiple of 19?
False
Does 11 divide 3278770?
True
Does 147 divide 2016399?
True
Is 6764 a multiple of 11?
False
Is 706673 a multiple of 13?
False
Does 153 divide 6093072?
True
Is 146752 a multiple of 330?
False
Does 31 divide 1376276?
True
Is 8512525 a multiple of 413?
False
Does 8 divide 344125?
False
Is 29 a factor of 60158?
False
Does 3 divide 34037?
False
Does 14 divide 3566611?
False
Does 2234 divide 17052122?
True
Is 14 a factor of 186707?
False
Is 8673668 a multiple of 1334?
True
Does 183 divide 172232?
False
Is 397 a factor of 1530357?
False
Is 77 a factor of 906077?
False
Is 30030 a multiple of 6?
True
Does 132 divide 993828?
True
Is 35 a factor of 54533?
False
Does 24 divide 80400?
True
Does 8 divide 3352086?
False
Is 2377221 a multiple of 123?
True
Is 152 a factor of 7935?
False
Is 17 a factor of 82479?
False
Is 22 a factor of 163262?
True
Is 178 a factor of 2233188?
True
Does 234 divide 5416503?
False
Does 12 divide 64740?
True
Does 232 divide 644496?
True
Is 1355462 a multiple of 6?
False
Is 203656 a multiple of 4?
True
Is 255 a factor of 25905?
False
Is 113 a factor of 53886?
False
Is 1708 a factor of 10664380?
False
Does 10 divide 7799004?
False
Is 1105123 a multiple of 835?
False
Is 159 a factor of 126087?
True
Is 1739224 a multiple of 124?
True
Is 99910 a multiple of 206?
True
Does 20 divide 416361?
False
Is 47 a factor of 92562?
False
Is 96079 a multiple of 8?
False
Does 15 divide 20880?
True
Is 524 a factor of 9980849?
False
Is 61 a factor of 2335456?
False
Does 12 divide 3135247?
False
Does 145 divide 816785?
True
Does 12 divide 34008?
True
Does 222 divide 7692966?
True
Is 3148496 a multiple of 970?
False
Is 165 a factor of 3366817?
False
Is 2739943 a multiple of 13?
False
Is 47 a factor of 151583?
False
Does 394 divide 3448682?
True
Is 2 a factor of 360326?
True
Is 488145 a multiple of 105?
True
Is 340494 a multiple of 134?
True
Does 366 divide 848388?
True
Is 2 a factor of 3967939?
False
Does 28 divide 475020?
True
Is 969 a factor of 1639548?
True
Is 99803 a multiple of 2?
False
Is 25 a factor of 520450?
True
Does 173 divide 1900751?
True
Is 1151004 a multiple of 483?
False
Is 92 a factor of 5448240?
True
Is 43 a factor of 718186?
True
Is 369 a factor of 31562?
False
Does 14 divide 87780?
True
Does 8 divide 20544?
True
Does 4 divide 69375?
False
Does 45 divide 113176?
False
Does 73 divide 87600?
True
Does 161 divide 65870?
False
Is 14 a factor of 179298?
True
Is 9 a factor of 2810676?
False
Does 31 divide 103129?
False
Is 6781209 a multiple of 517?
False
Is 1650460 a multiple of 269?
False
Is 1330866 a multiple of 642?
True
Does 102 divide 3654150?
True
Is 1857112 a multiple of 23?
True
Is 7766 a multiple of 11?
True
Is 310 a factor of 2286559?
False
Is 26 a factor of 418054?
True
Is 180185 a multiple of 83?
False
Is 44 a factor of 199892?
True
Does 130 divide 43256?
False
Does 61 divide 215305?
False
Is 646619 a multiple of 3?
False
Is 179598 a multiple of 178?
False
Does 368 divide 1886277?
False
Is 521 a factor of 3931487?
False
Is 15508920 a multiple of 60?
True
Is 99 a factor of 177903?
True
Is 282168 a multiple of 12?
True
Does 52 divide 1643512?
True
Is 1614108 a multiple of 9?
False
Does 11 divide 90663?
False
Does 13 divide 155974?
True
Is 99758 a multiple of 110?
False
Does 418 divide 160094?
True
Is 1092 a factor of 285012?
True
Does 743 divide 400743?
False
Is 3002400 a multiple of 45?
True
Is 8 a factor of 569648?
True
Is 1451163 a multiple of 5?
False
Is 14 a factor of 731374?
True
Is 369496 a multiple of 44?
False
Is 63 a factor of 282916?
False
Is 265 a factor of 8480?
True
Is 77 a factor o